2?
7281b5
In base 5, what is -410144120 + -112?
-410144232
In base 9, what is -216311 - 7375?
-224686
In base 2, what is 10111101110101 + -1110001010?
10101111101011
In base 13, what is 0 - -93993?
93993
In base 7, what is -566 + 124124?
123225
In base 6, what is 5352241 + -444?
5351353
In base 8, what is 47211643 + 1?
47211644
In base 15, what is 19c - 5d1db?
-5d03e
In base 4, what is 133031020 - 1130?
133023230
In base 13, what is -23271 + -b1?
-23352
In base 15, what is 25e89 - 2693?
237e6
In base 14, what is -11 + 5c9b30?
5c9b1d
In base 14, what is 73a6d + -68?
73a05
In base 10, what is 392789 - -22?
392811
In base 5, what is -3 + 202322013?
202322010
In base 11, what is 1991a78a - -2?
1991a791
In base 5, what is -433 - 1131233212?
-1131234200
In base 14, what is 5 + -c831d8?
-c831d3
In base 3, what is -10200021200 - 121100?
-10200220000
In base 5, what is -1430 - 30302202?
-30304132
In base 13, what is -199c3 - -127?
-19899
In base 16, what is -2075782 + -4?
-2075786
In base 13, what is -8b + -31c858?
-31c916
In base 15, what is 90384d + 0?
90384d
In base 15, what is -3 - 3deb3e2?
-3deb3e5
In base 7, what is 1 + 101351444?
101351445
In base 14, what is 8732 + -2b1?
8461
In base 3, what is -101221 - 201210111001?
-201210212222
In base 16, what is d1ca3 + 7?
d1caa
In base 13, what is 1ac - -218a5?
21a84
In base 5, what is 2 - 23420413441?
-23420413434
In base 6, what is -4 - 31050524541?
-31050524545
In base 16, what is fef + 17fd9?
18fc8
In base 4, what is 2 - 3113123130012?
-3113123130010
In base 15, what is 34 - -1b380?
1b3b4
In base 7, what is -2513 - 60602?
-63415
In base 2, what is 1110111 - -1101001110011011?
1101010000010010
In base 11, what is -64 - 108575?
-108629
In base 12, what is 2 - -4b2b15a?
4b2b160
In base 9, what is 2044 + 16380?
18434
In base 13, what is 4029 + -5c9?
3730
In base 11, what is -177a + -a0a0?
-1086a
In base 6, what is -434214 + 322?
-433452
In base 15, what is -69547 + 425?
-69122
In base 7, what is -10255420 - -13?
-10255404
In base 12, what is -2899 - 4bb?
-3198
In base 11, what is 1825 + 5589?
7303
In base 12, what is -2 - 17473a56?
-17473a58
In base 13, what is 4 - -17706?
1770a
In base 9, what is 2 - -1681655?
1681657
In base 7, what is -42316 + 16513?
-22503
In base 11, what is 115a8535 + -5?
115a8530
In base 11, what is 4 + 9064330?
9064334
In base 6, what is 1004020355 - -3?
1004020402
In base 10, what is 1564836 + 470?
1565306
In base 9, what is 183 - -327646?
327840
In base 13, what is 231 - -32581?
327b2
In base 12, what is 260056 + 1?
260057
In base 16, what is -a8b934 + 7?
-a8b92d
In base 12, what is 4b52 + -2256?
28b8
In base 13, what is -5 - -37b7aa3?
37b7a9b
In base 6, what is 10015 - 11351254?
-11341235
In base 16, what is -5 - -1942c?
19427
In base 7, what is -2012 + 442152?
440140
In base 10, what is 4656 - -1300?
5956
In base 12, what is -223893 - -7?
-223888
In base 16, what is -9 - eb34e?
-eb357
In base 3, what is -2111 + -20120221122100?
-20120221201211
In base 13, what is -1 + -873149?
-87314a
In base 3, what is 10 - 221201022011001?
-221201022010221
In base 3, what is 11112020221210 - 1?
11112020221202
In base 3, what is 110222120001 + -20002?
110222022222
In base 10, what is 923 + 21934?
22857
In base 6, what is 334 + 420000?
420334
In base 6, what is -1141522 - -214?
-1141304
In base 6, what is 33 - 211222433?
-211222400
In base 3, what is 1011 - 1002010222110?
-1002010221022
In base 2, what is 11 - -1110101011011000101111?
1110101011011000110010
In base 2, what is 100011011001110011011101 + 11000?
100011011001110011110101
In base 4, what is -121200301 + 1323?
-121132312
In base 2, what is -10100000101 - -1000010000110?
101110000001
In base 10, what is 673 - 157373?
-156700
In base 2, what is -1000 + -1010010110010000001010?
-1010010110010000010010
In base 3, what is 2102220120 - 10121210?
2022021210
In base 3, what is -1011 - 20200110020002?
-20200110021020
In base 9, what is 771808 + -10?
771788
In base 14, what is 137775b4 + -4?
137775b0
In base 4, what is 30 + -33110113132?
-33110113102
In base 15, what is -1669 + -43b?
-1aa5
In base 15, what is -696 + 53c?
-159
In base 14, what is 5d191 + d1?
5d282
In base 12, what is 166 - b6ab97?
-b6aa31
In base 7, what is 4 + 211635465?
211635502
In base 15, what is -1ba8b2 - 4?
-1ba8b6
In base 11, what is -78543 - 3a9?
-78941
In base 9, what is -28217 + -25027?
-54245
In base 6, what is -15 + 10032510?
10032451
In base 6, what is -11015211 + 14?
-11015153
In base 4, what is -221122200202 + -2?
-221122200210
In base 10, what is 2014639 + 19?
2014658
In base 5, what is 0 + -20123410332?
-20123410332
In base 12, what is 128 + 21571?
21699
In base 16, what is 439c4ff + -18?
439c4e7
In base 3, what is 0 + 122012121121?
122012121121
In base 4, what is 112 + 1030200021103?
1030200021221
In base 12, what is 2434 - -3382?
57b6
In base 14, what is -4c4 - 22454?
-22938
In base 7, what is -104211 - 1602?
-106113
In base 3, what is -10102021200110011 + -1?
-10102021200110012
In base 11, what is -802369 + -73?
-802431
In base 15, what is 9d6a97 - -3?
9d6a9a
In base 4, what is -1031 + -202303210?
-202310301
In base 10, what is 69049372 + -5?
69049367
In base 3, what is -111122211100121 - -2?
-111122211100112
In base 12, what is 253 + 42bb3?
43246
In base 4, what is -1121113021120120 - 1?
-1121113021120121
In base 12, what is 151a2 - 1583?
1381b
In base 5, what is -1420 + -20200024?
-20201444
In base 6, what is -2025 - -245550?
243521
In base 16, what is 0 + 234f32a?
234f32a
In base 6, what is 2045325413 + -4?
2045325405
In base 7, what is -6561410 + 42?
-6561335
In base 9, what is -43 + 32564108?
32564055
In base 8, what is 3 - 3417057?
-3417054
In base 12, what is -4 + 1677bbb9?
1677bbb5
In base 3, what is -120202 + 1022200210020?
1022200012111
In base 15, what is -46 + -530385?
-5303cb
In base 2, what is 101100101110101 - 1100000100?
101011001110001
In base 9, what is 38131304 + 6?
38131311
In base 11, what is 8131 + -1404?
6828
In base 15, what is 2d4c8c3 - 0?
2d4c8c3
In base 9, what is 52026 + 137?
52164
In base 7, what is 236 + 14330361?
14330630
In base 9, what is -1366863 - -22?
-1366841
In base 15, what is -194 - 2a315?
-2a4a9
In base 7, what is 2 - -2031602554?
2031602556
In base 12, what is 1 - -7035603?
7035604
In base 7, what is 12 + 6034025?
6034040
In base 5, what is -314124433340 + 3?
-314124433332
In base 11, what is -2a0 - -216523?
216233
In base 6, what is -144015055 + -45?
-144015144
In base 13, what is 1153 + -1acc?
-979
In base 14, what is -2541 - -268?
-22b7
In base 11, what is -3291203 - -1?
-3291202
In base 7, what is -436200112 + -2?
-436200114
In base 8, what is 17 + 165005?
165024
In base 5, what is -11404430013 + 21?
-11404424442
In base 4, what is 2111 - -131122102?
131130213
In base 10, what is 5 + 2183582?
2183587
In base 3, what is -1210111222020 - 20002?
-1210112012022
In base 10, what is 175 + 103914?
104089
In base 14, what is -140b5 - 23?
-140d8
In base 12, what is -25395861 - 5?
-25395866
In base 15, what is -116492 + -4d?
-1164e0
In base 6, what is -1121 + -1321534?
-1323055
In base 14, what is 3b36a + 27?
3b393
In base 14, what is 40 + 30b5?
3115
In base 14, what is -10c88 + -7a6?
-11650
In base 6, what is -2224044 - 424?
-2224512
In base 6, what is 210 + -1010503?
-1010253
In base 4, what is 2132 + -12010230?
-12002032
In base 10, what is 5 + 4844443?
4844448
In base 14, what is 21231 - -753?
21984
In base 12, what is 2 - 7924374?
-7924372
In base 11, what is -261544453 + -1?
-261544454
In base 16, what is 2dcf045 - -5?
2dcf04a
In base 12, what is -11800b7a9 - 3?
-11800b7b0
In base 9, what is 3887 - -324?
4322
In base 15, what is -103830 - 2b?
-10385b
In base 11, what is -4222920 + -8?
-4222928
In base 2, what is 110110 + -10001000010101111?
-10001000001111001
In base 5, what is -2303141 - 132311?
-2441002
In base 13, what is -4b69 - -678?
-44c1
In base 9, what is -2617 + 25244?
22526
In base 9, what is -2074086 + 10?
-2074076
In base 10, what is 7318 + -18531?
-11213
In base 2, what is 10110001010011 + 110001111101?
11100011010000
In base 11, what is -67 - 239947?
-239a03
In base 6, what is -2541 - 1234400?
-1241341
In base 3, what is 1022111 + -1111012?
-11201
In base 5, what is 411133331 + -1?
411133330
In 